 d + 5. Determine w(-4).
-23
Let t(r) = 49*r + 294. Calculate t(-6).
0
Let z(h) = 2*h - 4. Calculate z(-7).
-18
Let l(p) = p - 2. Determine l(4).
2
Let k(a) = -a**2 - 20*a + 2. Calculate k(-20).
2
Let y(w) = 3*w**2 + 35*w + 22. What is y(-11)?
0
Let z(h) = 2*h**2 + 25*h - 11. Determine z(-13).
2
Let w(q) = -q**3 + 18*q**2 - 13*q - 2. Determine w(17).
66
Let h(o) = 5*o**3 + 2*o**2 - 1. Determine h(-1).
-4
Let u(c) = -c - 7. Calculate u(-7).
0
Let t(n) = -n**3 + n**2 + 4*n + 4. Give t(-2).
8
Let c(g) = 3*g + 60. Determine c(-22).
-6
Let d(x) = x**2 - 33*x - 83. Calculate d(37).
65
Let g(a) = -a**3 + 12*a**2 - 12*a + 4. Determine g(11).
-7
Let j(x) = 127*x - 763. Determine j(6).
-1
Let v(k) = 5*k + 19. Give v(-2).
9
Let x(n) = -n**2 - 7*n + 18. What is x(-7)?
18
Let q(i) = 14*i - 9. Give q(4).
47
Let i(d) = -d**3 + 11*d**2 - 12. Give i(11).
-12
Let x(o) = 160*o + 1131. Calculate x(-7).
11
Let v(j) = -j**2 + 7*j + 11. Give v(-2).
-7
Let p(g) = 3*g + 23. Give p(-13).
-16
Let j(b) = b**3 + 10*b**2 + 17*b + 12. What is j(-8)?
4
Let r(b) = b**2 - b - 10. Calculate r(-5).
20
Let g(d) = -2*d - 27. Calculate g(-15).
3
Let o(f) = -24*f - 3. What is o(2)?
-51
Let d(m) = -2*m**3 - 15*m**2 - 7*m - 12. Calculate d(-7).
-12
Let z(a) = -14*a - 117. Give z(-8).
-5
Let g(f) = -f**3 + 8*f**2 + 3*f - 2. Calculate g(8).
22
Let w(i) = i**3 + 12*i**2 + 10*i - 11. Give w(-11).
0
Let n(a) = -a**3 - 4*a**2 + 12*a + 6. What is n(-6)?
6
Let f(h) = -23*h**2 + 1. Determine f(1).
-22
Let b(q) = -q**2 - 6*q + 3. Determine b(6).
-69
Let y(c) = -5*c**2 + 2*c. Determine y(4).
-72
Let q(p) = -9*p**2 - 3*p - 2. Calculate q(-1).
-8
Let p(n) = 13*n - 261. Determine p(21).
12
Let a(n) = 82*n + 7. What is a(1)?
89
Let l(g) = g**3 - 3*g**2 - 2*g + 3. Give l(4).
11
Let w(t) = -10*t**2 - t + 11. What is w(4)?
-153
Let j(r) = 38*r + 79. Calculate j(-2).
3
Let m(d) = d**3 - 2*d**2 - d + 2. Calculate m(2).
0
Let o(r) = r**2 + 15*r + 2. What is o(-14)?
-12
Let t(u) = -u - 34. Calculate t(6).
-40
Let l(o) = 10*o - 19. Calculate l(5).
31
Let i(o) = 15*o + 96. Determine i(-7).
-9
Let z(t) = -3*t**2 + 44*t + 77. Calculate z(16).
13
Let x(s) = -s**2 + 11*s - 8. What is x(8)?
16
Let g(x) = 11*x + 138. Give g(-13).
-5
Let j(p) = -4*p - 16. Calculate j(-10).
24
Let i(u) = -u**3 + 7*u**2 - 9*u + 4. What is i(6)?
-14
Let c(z) = z**2 + 11*z + 12. What is c(-9)?
-6
Let c(a) = 28*a + 218. Calculate c(-8).
-6
Let r(p) = 3*p + 3. Give r(-2).
-3
Let b(r) = -83*r**3 - 2*r**2 + 2*r - 1. Calculate b(1).
-84
Let f(h) = 10*h**3 - h**2 + 1. What is f(1)?
10
Let j(o) = 12*o**3 + o**2 + o. Calculate j(2).
102
Let n(a) = 4*a + 10. Give n(-4).
-6
Let g(d) = -8*d + 119. Give g(13).
15
Let k(y) = 15*y**2 - 1. What is k(-1)?
14
Let s(q) = -q**3 - 4*q**2 - 2*q + 1. Give s(-2).
-3
Let p(y) = y**2 + 11*y - 6. Determine p(-11).
-6
Let i(p) = -4*p - 24. Give i(-10).
16
Let z(b) = -3*b + 24. Give z(-5).
39
Let q(v) = -v**2 + 17*v - 29. Determine q(15).
1
Let f(x) = 4*x - 18. Give f(4).
-2
Let k(g) = 2*g**3 + 45*g**2 + 22*g + 2. Determine k(-22).
2
Let f(u) = -17*u**3 - u**2. What is f(1)?
-18
Let p(z) = -z**3 + 9*z**2 - 11*z + 9. Determine p(7).
30
Let p(t) = -7*t**2 - 2*t - 1. Calculate p(-1).
-6
Let r(h) = -12*h - 22. Determine r(-7).
62
Let n(t) = t**2 + 9*t - 1. Calculate n(-7).
-15
Let a(u) = -u**3 - 10*u**2 - 14*u - 28. Give a(-9).
17
Let w(y) = -y**3 - 6*y**2 - 6*y + 4. Give w(-5).
9
Let b(r) = -r**2 - 7*r + 1. What is b(-8)?
-7
Let n(v) = -v**3 + 10*v**2 - 13*v + 12. Determine n(8).
36
Let m(q) = 2*q**3 - q**2 + 2. Give m(3).
47
Let x(h) = -6*h**2 - 3*h - 1. What is x(-2)?
-19
Let y(l) = -l**3 + 5*l**2 + l - 9. Determine y(4).
11
Let f(o) = 10*o + 11. Give f(-4).
-29
Let z(w) = 4*w**2 - w - 14. Calculate z(-3).
25
Let p(s) = 3*s**2 + 10*s + 2. Calculate p(-3).
-1
Let v(q) = -q**3 + 15*q**2 + 17*q - 16. What is v(16)?
0
Let f(d) = d**2 + 8*d + 7. What is f(-7)?
0
Let b(g) = 9*g**2 - 29*g - 2. Give b(3).
-8
Let v(d) = 2*d + 36. What is v(-16)?
4
Let u(i) = 82*i**3 + i**2 - i. What is u(1)?
82
Let b(o) = -o**2 + 9*o - 7. Determine b(8).
1
Let x(k) = k**2 - 13*k - 23. What is x(13)?
-23
Let u(j) = -2*j. Give u(3).
-6
Let m(n) = n**2 - n - 2. Determine m(3).
4
Let l(k) = k**3 - 10*k**2 + 15*k + 16. Give l(8).
8
Let c(k) = 26*k**3 - 2*k**2 + 2*k. Give c(1).
26
Let q(v) = v**2 - 8*v - 13. Give q(9).
-4
Let p(t) = t**3 + 5*t**2 - 6*t + 3. Calculate p(-6).
3
Let p(x) = x**3 - 4*x**2 - x + 3. What is p(4)?
-1
Let u(c) = c**3 - 7*c**2 + 1. Give u(7).
1
Let u(x) = -2*x. Give u(7).
-14
Let n(m) = m**3 - 8*m**2 - m - 4. What is n(8)?
-12
Let c(n) = 25*n - 1. Calculate c(4).
99
Let j(s) = 2*s**2 - 21*s + 15. What is j(9)?
-12
Let g(i) = 22*i - 269. Give g(12).
-5
Let j(q) = 14*q - 2. Determine j(0).
-2
Let b(t) = -t - 66. Calculate b(0).
-66
Let b(i) = i**3 + 2*i**2 + 8*i + 11. Give b(-4).
-53
Let y(v) = -v**3 - v**2 + 6*v + 6. Calculate y(0).
6
Let x(u) = u**2 + 4*u - 3. Calculate x(-8).
29
Let y(i) = -154*i + 1385. Determine y(9).
-1
Let j(c) = c**2 + 8*c + 8. What is j(-1)?
1
Let b(y) = 2*y**2 - 28*y + 9. Calculate b(14).
9
Let q(j) = 2*j + 23. Calculate q(-14).
-5
Let t(i) = 2*i**2 - 7*i + 6. Calculate t(5).
21
Let p(y) = -y**2 + 2*y - 4. Calculate p(-3).
-19
Let b(d) = 7*d - 68. What is b(9)?
-5
Let o(p) = 5*p**2 + 4*p - 4. Give o(-3).
29
Let b(q) = 2*q**2 + 7*q - 2. What is b(-5)?
13
Let w(r) = -r**2 - r + 2. Calculate w(0).
2
Let j(h) = 21*h**3 - h**2 + h. What is j(1)?
21
Let q(i) = -i**3 + i**2 - 3*i + 1. Determine q(2).
-9
Let i(c) = -6*c**3 + 3*c**2 - c. Calculate i(3).
-138
Let q(c) = c**2 + 12*c + 49. Determine q(-5).
14
Let y(n) = -5*n**2 - 56*n - 25. What is y(-11)?
-14
Let v(h) = -h - 20. What is v(-13)?
-7
Let y(v) = v**2 - 11*v + 20. Give y(2).
2
Let r(j) = 4*j - 2. Give r(0).
-2
Let u(r) = 21*r - 1. What is u(-1)?
-22
Let i(k) = -k - 10. Calculate i(-4).
-6
Let a(j) = -j**3 + 7*j**2 + 17*j + 4. Give a(9).
-5
Let h(j) = j**2 - 6*j - 12. What is h(9)?
15
Let u(m) = 4*m**2 + 239*m - 61. Give u(-60).
-1
Let u(m) = -m**3 + 8*m**2 - 7*m - 7. Determine u(7).
-7
Let n(l) = l**2 + 4*l - 8. What is n(-5)?
-3
Let c(h) = -24*h - 1. What is c(1)?
-25
Let n(i) = -25*i**2 - 177*i - 10. Calculate n(-7).
4
Let x(b) = -3*b - 50. Determine x(-18).
4
Let j(h) = 3*h**3 + h**2 + h - 1. What is j(1)?
4
Let b(u) = -2*u**2 - 56*u - 90. Determine b(-26).
14
Let j(m) = -22*m**3 - 2*m - 2. Determine j(-1).
22
Let z(g) = 2*g**2 - 11*g + 3. What is z(5)?
-2
Let i(b) = -b**2 - 5*b + 1. Determine i(-4).
5
Let c(j) = j**3 + 5*j**2 - 9*j - 8. What is c(-7)?
-43
Let c(w) = 2*w**3 + 4*w**2 + 5*w + 4. Determine c(-3).
-29
Let p(x) = -2*x - 62. Determine p(10).
-82
Let x(a) = -a**3 + 13*a**2 + 15*a - 20. Give x(14).
-6
Let w(f) = -f**2 - 80*f - 370. What is w(-75)?
5
Let m(p) = -5*p + 11. What is m(4)?
-9
Let p(s) = -54*s**3 + s**2. Give p(-1).
55
Let f(x) = 6*x. Give f(-2).
-12
Let k(d) = d**3 + 8*d**2 - 15*d + 47. Give k(-10).
-3
Let n(b) = 2*b - 2. Calculate n(3).
4
Let m(x) = -x**2 - 15*x - 36. Determine m(-7).
20
Let o(z) = -z**3 + 3*z**2 - z + 3. Give o(4).
-17
Let j(q) = -3*q + 7. What is j(5)?
-8
Let z(j) = -3*j. Give z(-2).
6
Let d(o) = -47*o + 39. Give d(-4).
227
Let b(a) = 4*a**3 + 3*a**2 + 12*a + 10. Calculate b(-1).
-3
Let t(c) = -c**3 - 8*c**2 - 8*c - 5. What is t(-7)?
2
Let k(y) = 3*y**2 + 2*y - 2. Determine k(-2).
6
Let h(i) = i**3 - 4*i**2 - 6*i + 1. Calculate h(5).
-4
Let i(g) = 2*g**3 + 9*g**2 - 10*g - 17. What is i(-5)?
8
Let w(p) = 24*p + 4. Calculate w(-1).
-20
Let s(r) = -36*r - 102. Calculate s(-3).
6
Let p(q) = -9*q + 36. Give p(6).
-18
Let j(o) = 3*o - 20. What is j(8)?
4
Let f(z) = 4*z - 6. What is f(4)?
10
Let v(m) = -m**2 - 17*m - 9. Calculate v(-17).
-9
Let s(t) = -8*t - 178. Give s(-21).
-10
Let f(l) = l**2 - 11*l - 10. What is f(12)?
2
Let b(h) = 154*h - 4. What is b(1)?
150
Let w(v) = 113*v + 1. Determine w(-1).
-112
Let v(i) = 4*i**3 + 3*i**2 + 4*i + 2. Determine v(-2).
-26
Let h(o) = -o**2 - 6*o - 13. What is h(-6)?
-13
Let d(y) = 22*y + 10. Give d(3).
76
Let j(h) = h**2 - 7*h + 6. Calculate j(10).
36
Let p(r) = -r**2 - 22*r + 195. What is p(7)?
-8
Let z(x) = x**3 - 7*x**2 + 12. What is z(7)?
12
Let q(y) = -3*y**2 + 11*y + 15. What is q(-5)?
-115
Let l(s) = -s**3 - 5*s**2 - s - 3. Give l(-6).
39
Let i(p) = -p + 1